{"id":258,"date":"2024-11-25T08:45:52","date_gmt":"2024-11-25T08:45:52","guid":{"rendered":"http:\/\/costabravawintercamp.com\/?page_id=258"},"modified":"2024-11-25T08:45:52","modified_gmt":"2024-11-25T08:45:52","slug":"legal","status":"publish","type":"page","link":"http:\/\/costabravawintercamp.com\/?page_id=258","title":{"rendered":"Legal"},"content":{"rendered":"<div class=\"wp-block-group alignfull has-global-padding is-layout-constrained wp-container-core-group-is-layout-4716c724 wp-block-group-is-layout-constrained\" style=\"margin-top:var(--wp--preset--spacing--superbspacing-small);margin-bottom:var(--wp--preset--spacing--superbspacing-small);padding-top:var(--wp--preset--spacing--superbspacing-xxlarge);padding-right:var(--wp--preset--spacing--superbspacing-small);padding-bottom:var(--wp--preset--spacing--superbspacing-xxlarge);padding-left:var(--wp--preset--spacing--superbspacing-small)\"><div class=\"wp-block-group alignwide has-global-padding is-layout-constrained wp-container-core-group-is-layout-6c425e39 wp-block-group-is-layout-constrained\" style=\"margin-top:0;margin-bottom:var(--wp--preset--spacing--superbspacing-medium);padding-top:0;padding-right:0;padding-bottom:0;padding-left:0\"><h2 class=\"wp-block-heading has-text-align-center has-contrast-color has-text-color has-superbfont-large-font-size\">Aviso legal y privacidad<\/h2><\/div>\n\n<div class=\"wp-block-columns alignwide is-layout-flex wp-container-core-columns-is-layout-49856040 wp-block-columns-is-layout-flex\" style=\"margin-top:0;margin-bottom:0;padding-top:0;padding-right:0;padding-bottom:0;padding-left:0\"><div class=\"wp-block-column is-layout-flow wp-block-column-is-layout-flow\"><h4 class=\"wp-block-heading\">1. AVISO LEGAL<\/h4>\n\n<p>En conformidad con la Ley 34\/2002, de Servicios de la Sociedad de la Informaci\u00f3n y de Comercio Electr\u00f3nico, le informamos que esta web es titularidad de Marc Martin Alcober,(en adelante \u201cEL TITULAR\u201d), con NIF: 44007189R y domicilio fiscal en C\/Salvador Albert i Pey S\/N (17230) Palam\u00f3s.<\/p>\n\n<p>Centro inscrito en el Cens d\u2019Organitzadors d\u2019Activitats Fisicoesportives en el Medi Natural con n\u00fam. C-290. http:\/\/esport.gencat.cat\/ca\/arees_dactuacio\/entitats-esportives\/cens-dorganitzadors-dactivitats-fisicoesportivesss-i-medi-natural\/<br><br>Centro inscrito en el Registre Oficial de Professionals de l\u2019Esport de Catalunya (ROPEC) con n\u00fam. 012863. https:\/\/web.gencat.cat\/ca\/tramits\/tramits-temes\/Registre-Oficial-de-Professionals-de-lEsport-de-Catalunya<\/p>\n\n<h4 class=\"wp-block-heading\">PROPRIEDAD INTELECTUAL E INDUSTRIAL<\/h4>\n\n<p>Los contenidos de este sitio, incluyendo los textos, im\u00e1genes y dise\u00f1os gr\u00e1ficos, pertenecen a EL TITULAR, o a terceros que han autorizado su uso. EL TITULAR presenta estos contenidos con fines de informaci\u00f3n y promoci\u00f3n. EL TITULAR autoriza su utilizaci\u00f3n exclusivamente con estas finalidades. Cualquier utilizaci\u00f3n de estos dise\u00f1os, im\u00e1genes o textos deber\u00e1 citar expresamente su pertenencia a EL TITULAR, quien se reserva el derecho a iniciar las acciones legales oportunas para reparar los da\u00f1os y perjuicios causados por cualquier acto que vulnere sus derechos de propiedad intelectual o industrial.<\/p>\n\n<h4 class=\"wp-block-heading\">EXCLUSI\u00d3N DE RESPONSABILIDAD<\/h4>\n\n<p>EL TITULAR act\u00faa con la m\u00e1xima diligencia posible para que los datos y la informaci\u00f3n que ofrece en su sitio web est\u00e9 actualizada en tomo momento, si bien no garantiza ni se hace responsable de la exactitud y actualizaci\u00f3n de los contenidos del sitio web, reserv\u00e1ndose el derecho a modificar dichos contenidos en cualquier momento. EL TITULAR tampoco ser\u00e1 responsable de la informaci\u00f3n que se pueda obtener a trav\u00e9s de enlaces incluidos en el sitio web.<\/p>\n\n<p>Las relaciones comerciales con los clientes se regir\u00e1n por las Condiciones Generales que, en su caso, se establezcan por EL TITULAR en un documento espec\u00edfico a tal efecto, o por los pactos concretos que pudieran acordarse con los clientes.<\/p>\n\n<h4 class=\"wp-block-heading\">CONDICIONES DE USO<\/h4>\n\n<p>El uso de este sitio web implica la aceptaci\u00f3n plena de los t\u00e9rminos del presente aviso legal. Los posibles conflictos relativos a esta web se regir\u00e1n exclusivamente por el derecho del Estado Espa\u00f1ol. Toda persona usuaria de la web, independientemente de la jurisdicci\u00f3n territorial desde la cual se produzca su acceso, acepta el cumplimiento y respeto de estas cl\u00e1usulas con renuncia expresa a cualquier otro fuero que pudiera corresponderle.<\/p>\n\n<h4 class=\"wp-block-heading\">2. Privacidad<\/h4>\n\n<p>EL TITULAR se compromete a proteger la privacidad de los usuarios que accedan a esta web y\/o cualquiera de sus servicios. La utilizaci\u00f3n de la web y\/o de cualquiera de los servicios ofrecidos por EL TITULAR implica la aceptaci\u00f3n por el usuario de las disposiciones contenidas en la presente Pol\u00edtica de Privacidad y que sus datos personales sean tratados seg\u00fan se estipula en ella. Por favor, tenga en cuenta que a pesar de que pueda haber enlaces de nuestra web a otras webs o redes sociales, esta Pol\u00edtica de Privacidad no se aplica a las webs de otras compa\u00f1\u00edas u organizaciones a las que la web est\u00e9 redirigida. EL TITULAR no controla el contenido de las webs de terceros, ni acepta cualquier responsabilidad por el contenido o las pol\u00edticas de privacidad de estas webs.<\/p>\n\n<h4 class=\"wp-block-heading\">PREGUNTAS SOBRE PRIVACIDAD<\/h4>\n\n<p>En cumplimiento del Reglamento (UE) 2016\/679 del Parlamento Europeo y del Consejo, de 27 de abril de 2016, (RGPD), y la Ley Org\u00e1nica 3\/2018, de 5 de diciembre, de Protecci\u00f3n de Datos Personales y garant\u00eda de los derechos digitales, le ofrecemos la siguiente informaci\u00f3n sobre el tratamiento de sus datos personales:<\/p>\n\n<h4 class=\"wp-block-heading\">\u00bfQui\u00e9n es el responsable del tratamiento de sus datos?<\/h4>\n\n<p>EL TITULAR. Nuestros datos figuran en el aviso legal de esta web.<\/p>\n\n<h4 class=\"wp-block-heading\">\u00bfCon qu\u00e9 finalidad tratamos sus datos personales?<\/h4>\n\n<p>\u2022 Tratamos la informaci\u00f3n que se nos facilita para prestar y facturar nuestros servicios y productos. \u2022 Si nos da su consentimiento tambi\u00e9n podremos tratar sus datos para enviarle informaci\u00f3n sobre nuestras actividades, servicios y productos. \u2022 Si participa en alguno de nuestros sorteos y\/o concursos publicaremos su nombre y apellidos, y su imagen, en los diferentes espacios y medios de comunicaci\u00f3n y difusi\u00f3n que utilizamos, incluidas las redes sociales, con el fin de promocionar nuestras actividades, servicios y productos.<\/p>\n\n<h4 class=\"wp-block-heading\">\u00bfCu\u00e1nto tiempo conservaremos sus datos?<\/h4>\n\n<p>Los datos personales proporcionados se conservar\u00e1n mientras sea usuario de nuestros servicios o quiera recibir informaci\u00f3n, y si participa en una promoci\u00f3n mientras est\u00e9 activa, y luego, durante los plazos establecidos para cumplir con nuestras obligaciones legales.<\/p>\n\n<h4 class=\"wp-block-heading\">\u00bfCu\u00e1l es la legitimaci\u00f3n para el tratamiento de sus datos?<\/h4>\n\n<p>La base legal para los tratamientos de sus datos son los consentimientos que nos da. Respecto a la informaci\u00f3n que nos sea enviada por menores de 16 a\u00f1os, se entender\u00e1 que lo ha sido con el consentimiento de sus representantes legales. Si no es as\u00ed, el representante legal del menor nos lo tiene que comunicar tan pronto como tenga conocimiento.<\/p>\n\n<h4 class=\"wp-block-heading\">\u00bfA qu\u00e9 destinatarios se comunicar\u00e1n sus datos?<\/h4>\n\n<p>Los datos no ser\u00e1n comunicados a terceros, salvo que lo exija una Ley o sea necesario para cumplir con la finalidad del tratamiento.<\/p>\n\n<h4 class=\"wp-block-heading\">\u00bfCu\u00e1les son sus derechos cuando nos facilita sus datos?<\/h4>\n\n<p>\u2022 Cualquier persona tiene derecho a obtener confirmaci\u00f3n sobre si estamos tratando o no sus datos personales. \u2022 Los interesados tienen derecho a acceder a sus datos personales, as\u00ed como a solicitar la rectificaci\u00f3n de los datos inexactos o, en su caso, solicitar su supresi\u00f3n cuando, entre otros motivos, los datos ya no sean necesarios para las finalidades para las que se recogieron. \u2022 En determinadas circunstancias los interesados podr\u00e1n solicitar la limitaci\u00f3n del tratamiento de sus datos, en este caso \u00fanicamente los conservaremos para el ejercicio o la defensa de reclamaciones. \u2022 Tambi\u00e9n, en determinadas circunstancias y por motivos relacionados con su situaci\u00f3n particular, los interesados pueden oponerse al tratamiento de sus datos. \u2022 Los interesados tambi\u00e9n tienen derecho a la portabilidad de sus datos. \u2022 Finalmente, los interesados tienen derecho a presentar una reclamaci\u00f3n ante la Autoridad de Control competente.<\/p>\n\n<h4 class=\"wp-block-heading\">\u00bfC\u00f3mo puede ejercer sus derechos?<\/h4>\n\n<p>Enviando un escrito adjuntando una copia de un documento que lo identifique, a nuestra direcci\u00f3n f\u00edsica o electr\u00f3nica.<\/p>\n\n<h4 class=\"wp-block-heading\">\u00bfA qu\u00e9 destinatarios se comunicar\u00e1n sus datos?<\/h4>\n\n<p>Los datos no ser\u00e1n comunicados a terceros, salvo que lo exija una Ley o sea necesario para cumplir con la finalidad del tratamiento.<\/p>\n\n<h4 class=\"wp-block-heading\">\u00bfC\u00f3mo hemos obtenido sus datos?<\/h4>\n\n<p>Los datos personales que tratamos proceden del propio interesado. El interesado garantiza que los datos personales facilitados son ciertos y se hace responsable de comunicar cualquier modificaci\u00f3n de estos. Los datos que est\u00e9n marcados con un asterisco ser\u00e1n obligatorios para poder darle el servicio solicitado.<\/p>\n\n<h4 class=\"wp-block-heading\">\u00bfUsamos cookies?<\/h4>\n\n<p>Utilizamos cookies durante la navegaci\u00f3n en nuestra web con el consentimiento informado del usuario. El usuario puede configurar su navegador para ser avisado de la utilizaci\u00f3n de cookies y para evitar su uso. Para obtener m\u00e1s informaci\u00f3n visite nuestra pol\u00edtica de cookies.<\/p>\n\n<h4 class=\"wp-block-heading\">\u00bfQu\u00e9 medidas de seguridad aplicamos?<\/h4>\n\n<p class=\"has-superbfont-small-font-size\">Aplicamos las medidas de seguridad establecidas en el art\u00edculo 32 del RGPD, por tanto, hemos adoptado las medidas de seguridad necesarias para garantizar un nivel de seguridad adecuado al riesgo del tratamiento de datos que realizamos, con mecanismos que nos permiten garantizar la confidencialidad, integridad, disponibilidad y resiliencia permanente de los sistemas y servicios de tratamiento. Algunas de estas medidas son: \u2022 Informaci\u00f3n de las pol\u00edticas de tratamiento de datos al personal. \u2022 Realizaci\u00f3n de copias de seguridad peri\u00f3dicas. \u2022 Control de acceso a los datos. \u2022 Procesos de verificaci\u00f3n, evaluaci\u00f3n y valoraci\u00f3n regulares.<\/p><\/div><\/div><\/div><div class=\"wp-block-group alignfull is-layout-flow wp-block-group-is-layout-flow\"><\/div>","protected":false},"excerpt":{"rendered":"<p>Aviso legal y privacidad 1. AVISO LEGAL En conformidad con la Ley 34\/2002, de Servicios de la Sociedad de la Informaci\u00f3n y de Comercio Electr\u00f3nico, le informamos que esta web es titularidad de Marc Martin Alcober,(en adelante \u201cEL TITULAR\u201d), con NIF: 44007189R y domicilio fiscal en C\/Salvador Albert i Pey S\/N (17230) Palam\u00f3s. Centro inscrito [&hellip;]<\/p>\n","protected":false},"author":1,"featured_media":0,"parent":0,"menu_order":0,"comment_status":"closed","ping_status":"closed","template":"","meta":{"footnotes":""},"class_list":["post-258","page","type-page","status-publish","hentry"],"jetpack_sharing_enabled":true,"_links":{"self":[{"href":"http:\/\/costabravawintercamp.com\/index.php?rest_route=\/wp\/v2\/pages\/258","targetHints":{"allow":["GET"]}}],"collection":[{"href":"http:\/\/costabravawintercamp.com\/index.php?rest_route=\/wp\/v2\/pages"}],"about":[{"href":"http:\/\/costabravawintercamp.com\/index.php?rest_route=\/wp\/v2\/types\/page"}],"author":[{"embeddable":true,"href":"http:\/\/costabravawintercamp.com\/index.php?rest_route=\/wp\/v2\/users\/1"}],"replies":[{"embeddable":true,"href":"http:\/\/costabravawintercamp.com\/index.php?rest_route=%2Fwp%2Fv2%2Fcomments&post=258"}],"version-history":[{"count":1,"href":"http:\/\/costabravawintercamp.com\/index.php?rest_route=\/wp\/v2\/pages\/258\/revisions"}],"predecessor-version":[{"id":259,"href":"http:\/\/costabravawintercamp.com\/index.php?rest_route=\/wp\/v2\/pages\/258\/revisions\/259"}],"wp:attachment":[{"href":"http:\/\/costabravawintercamp.com\/index.php?rest_route=%2Fwp%2Fv2%2Fmedia&parent=258"}],"curies":[{"name":"wp","href":"https:\/\/api.w.org\/{rel}","templated":true}]}}

<div class="wp-block-group alignfull has-global-padding is-layout-constrained wp-container-core-group-is-layout-4716c724 wp-block-group-is-layout-constrained" style="margin-top:var(--wp--preset--spacing--superbspacing-small);margin-bottom:var(--wp--preset--spacing--superbspacing-small);padding-top:var(--wp--preset--spacing--superbspacing-xxlarge);padding-right:var(--wp--preset--spacing--superbspacing-small);padding-bottom:var(--wp--preset--spacing--superbspacing-xxlarge);padding-left:var(--wp--preset--spacing--superbspacing-small)"><div class="wp-block-group alignwide has-global-padding is-layout-constrained wp-container-core-group-is-layout-6c425e39 wp-block-group-is-layout-constrained" style="margin-top:0;margin-bottom:var(--wp--preset--spacing--superbspacing-medium);padding-top:0;padding-right:0;padding-bottom:0;padding-left:0"><h2 class="wp-block-heading has-text-align-center has-contrast-color has-text-color has-superbfont-large-font-size">Aviso legal y privacidad</h2></div>

<div class="wp-block-columns alignwide is-layout-flex wp-container-core-columns-is-layout-49856040 wp-block-columns-is-layout-flex" style="margin-top:0;margin-bottom:0;padding-top:0;padding-right:0;padding-bottom:0;padding-left:0"><div class="wp-block-column is-layout-flow wp-block-column-is-layout-flow"><h4 class="wp-block-heading">1. AVISO LEGAL</h4>

<p>En conformidad con la Ley 34/2002, de Servicios de la Sociedad de la Información y de Comercio Electrónico, le informamos que esta web es titularidad de Marc Martin Alcober,(en adelante “EL TITULAR”), con NIF: 44007189R y domicilio fiscal en C/Salvador Albert i Pey S/N (17230) Palamós.</p>

<p>Centro inscrito en el Cens d’Organitzadors d’Activitats Fisicoesportives en el Medi Natural con núm. C-290. http://esport.gencat.cat/ca/arees_dactuacio/entitats-esportives/cens-dorganitzadors-dactivitats-fisicoesportivesss-i-medi-natural/<br><br>Centro inscrito en el Registre Oficial de Professionals de l’Esport de Catalunya (ROPEC) con núm. 012863. https://web.gencat.cat/ca/tramits/tramits-temes/Registre-Oficial-de-Professionals-de-lEsport-de-Catalunya</p>

<h4 class="wp-block-heading">PROPRIEDAD INTELECTUAL E INDUSTRIAL</h4>

<p>Los contenidos de este sitio, incluyendo los textos, imágenes y diseños gráficos, pertenecen a EL TITULAR, o a terceros que han autorizado su uso. EL TITULAR presenta estos contenidos con fines de información y promoción. EL TITULAR autoriza su utilización exclusivamente con estas finalidades. Cualquier utilización de estos diseños, imágenes o textos deberá citar expresamente su pertenencia a EL TITULAR, quien se reserva el derecho a iniciar las acciones legales oportunas para reparar los daños y perjuicios causados por cualquier acto que vulnere sus derechos de propiedad intelectual o industrial.</p>

<h4 class="wp-block-heading">EXCLUSIÓN DE RESPONSABILIDAD</h4>

<p>EL TITULAR actúa con la máxima diligencia posible para que los datos y la información que ofrece en su sitio web esté actualizada en tomo momento, si bien no garantiza ni se hace responsable de la exactitud y actualización de los contenidos del sitio web, reservándose el derecho a modificar dichos contenidos en cualquier momento. EL TITULAR tampoco será responsable de la información que se pueda obtener a través de enlaces incluidos en el sitio web.</p>

<p>Las relaciones comerciales con los clientes se regirán por las Condiciones Generales que, en su caso, se establezcan por EL TITULAR en un documento específico a tal efecto, o por los pactos concretos que pudieran acordarse con los clientes.</p>

<h4 class="wp-block-heading">CONDICIONES DE USO</h4>

<p>El uso de este sitio web implica la aceptación plena de los términos del presente aviso legal. Los posibles conflictos relativos a esta web se regirán exclusivamente por el derecho del Estado Español. Toda persona usuaria de la web, independientemente de la jurisdicción territorial desde la cual se produzca su acceso, acepta el cumplimiento y respeto de estas cláusulas con renuncia expresa a cualquier otro fuero que pudiera corresponderle.</p>

<h4 class="wp-block-heading">2. Privacidad</h4>

<p>EL TITULAR se compromete a proteger la privacidad de los usuarios que accedan a esta web y/o cualquiera de sus servicios. La utilización de la web y/o de cualquiera de los servicios ofrecidos por EL TITULAR implica la aceptación por el usuario de las disposiciones contenidas en la presente Política de Privacidad y que sus datos personales sean tratados según se estipula en ella. Por favor, tenga en cuenta que a pesar de que pueda haber enlaces de nuestra web a otras webs o redes sociales, esta Política de Privacidad no se aplica a las webs de otras compañías u organizaciones a las que la web esté redirigida. EL TITULAR no controla el contenido de las webs de terceros, ni acepta cualquier responsabilidad por el contenido o las políticas de privacidad de estas webs.</p>

<h4 class="wp-block-heading">PREGUNTAS SOBRE PRIVACIDAD</h4>

<p>En cumplimiento del Reglamento (UE) 2016/679 del Parlamento Europeo y del Consejo, de 27 de abril de 2016, (RGPD), y la Ley Orgánica 3/2018, de 5 de diciembre, de Protección de Datos Personales y garantía de los derechos digitales, le ofrecemos la siguiente información sobre el tratamiento de sus datos personales:</p>

<h4 class="wp-block-heading">¿Quién es el responsable del tratamiento de sus datos?</h4>

<p>EL TITULAR. Nuestros datos figuran en el aviso legal de esta web.</p>

<h4 class="wp-block-heading">¿Con qué finalidad tratamos sus datos personales?</h4>

<p>• Tratamos la información que se nos facilita para prestar y facturar nuestros servicios y productos. • Si nos da su consentimiento también podremos tratar sus datos para enviarle información sobre nuestras actividades, servicios y productos. • Si participa en alguno de nuestros sorteos y/o concursos publicaremos su nombre y apellidos, y su imagen, en los diferentes espacios y medios de comunicación y difusión que utilizamos, incluidas las redes sociales, con el fin de promocionar nuestras actividades, servicios y productos.</p>

<h4 class="wp-block-heading">¿Cuánto tiempo conservaremos sus datos?</h4>

<p>Los datos personales proporcionados se conservarán mientras sea usuario de nuestros servicios o quiera recibir información, y si participa en una promoción mientras esté activa, y luego, durante los plazos establecidos para cumplir con nuestras obligaciones legales.</p>

<h4 class="wp-block-heading">¿Cuál es la legitimación para el tratamiento de sus datos?</h4>

<p>La base legal para los tratamientos de sus datos son los consentimientos que nos da. Respecto a la información que nos sea enviada por menores de 16 años, se entenderá que lo ha sido con el consentimiento de sus representantes legales. Si no es así, el representante legal del menor nos lo tiene que comunicar tan pronto como tenga conocimiento.</p>

<h4 class="wp-block-heading">¿A qué destinatarios se comunicarán sus datos?</h4>

<p>Los datos no serán comunicados a terceros, salvo que lo exija una Ley o sea necesario para cumplir con la finalidad del tratamiento.</p>

<h4 class="wp-block-heading">¿Cuáles son sus derechos cuando nos facilita sus datos?</h4>

<p>• Cualquier persona tiene derecho a obtener confirmación sobre si estamos tratando o no sus datos personales. • Los interesados tienen derecho a acceder a sus datos personales, así como a solicitar la rectificación de los datos inexactos o, en su caso, solicitar su supresión cuando, entre otros motivos, los datos ya no sean necesarios para las finalidades para las que se recogieron. • En determinadas circunstancias los interesados podrán solicitar la limitación del tratamiento de sus datos, en este caso únicamente los conservaremos para el ejercicio o la defensa de reclamaciones. • También, en determinadas circunstancias y por motivos relacionados con su situación particular, los interesados pueden oponerse al tratamiento de sus datos. • Los interesados también tienen derecho a la portabilidad de sus datos. • Finalmente, los interesados tienen derecho a presentar una reclamación ante la Autoridad de Control competente.</p>

<h4 class="wp-block-heading">¿Cómo puede ejercer sus derechos?</h4>

<p>Enviando un escrito adjuntando una copia de un documento que lo identifique, a nuestra dirección física o electrónica.</p>

<h4 class="wp-block-heading">¿A qué destinatarios se comunicarán sus datos?</h4>

<p>Los datos no serán comunicados a terceros, salvo que lo exija una Ley o sea necesario para cumplir con la finalidad del tratamiento.</p>

<h4 class="wp-block-heading">¿Cómo hemos obtenido sus datos?</h4>

<p>Los datos personales que tratamos proceden del propio interesado. El interesado garantiza que los datos personales facilitados son ciertos y se hace responsable de comunicar cualquier modificación de estos. Los datos que estén marcados con un asterisco serán obligatorios para poder darle el servicio solicitado.</p>

<h4 class="wp-block-heading">¿Usamos cookies?</h4>

<p>Utilizamos cookies durante la navegación en nuestra web con el consentimiento informado del usuario. El usuario puede configurar su navegador para ser avisado de la utilización de cookies y para evitar su uso. Para obtener más información visite nuestra política de cookies.</p>

<h4 class="wp-block-heading">¿Qué medidas de seguridad aplicamos?</h4>

<p class="has-superbfont-small-font-size">Aplicamos las medidas de seguridad establecidas en el artículo 32 del RGPD, por tanto, hemos adoptado las medidas de seguridad necesarias para garantizar un nivel de seguridad adecuado al riesgo del tratamiento de datos que realizamos, con mecanismos que nos permiten garantizar la confidencialidad, integridad, disponibilidad y resiliencia permanente de los sistemas y servicios de tratamiento. Algunas de estas medidas son: • Información de las políticas de tratamiento de datos al personal. • Realización de copias de seguridad periódicas. • Control de acceso a los datos. • Procesos de verificación, evaluación y valoración regulares.</p></div></div></div><div class="wp-block-group alignfull is-layout-flow wp-block-group-is-layout-flow"></div>

<p>Aviso legal y privacidad 1. AVISO LEGAL En conformidad con la Ley 34/2002, de Servicios de la Sociedad de la Información y de Comercio Electrónico, le informamos que esta web es titularidad de Marc Martin Alcober,(en adelante “EL TITULAR”), con NIF: 44007189R y domicilio fiscal en C/Salvador Albert i Pey S/N (17230) Palamós. Centro inscrito [&hellip;]</p>
